{"id":17,"date":"2020-04-24T06:41:00","date_gmt":"2020-04-24T06:41:00","guid":{"rendered":"http:\/\/sps-bitterfeld.de\/?page_id=17"},"modified":"2020-06-15T09:06:33","modified_gmt":"2020-06-15T09:06:33","slug":"impressum","status":"publish","type":"page","link":"https:\/\/sps-bitterfeld.de\/?page_id=17","title":{"rendered":"Job und Karriere"},"content":{"rendered":"\n<h1>SPS Fuhr-Taxi und Mietwagenbetrieb GmbH<\/h1>\n\n\n\n<p><\/p>\n\n\n\n<div class=\"wp-block-media-text alignwide is-stacked-on-mobile\"><figure class=\"wp-block-media-text__media\"><img decoding=\"async\" loading=\"lazy\" width=\"400\" height=\"250\" src=\"http:\/\/sps-bitterfeld.de\/wp-content\/uploads\/2020\/06\/Arbeitsvertrag.png\" alt=\"\" class=\"wp-image-100\"\/><\/figure><div class=\"wp-block-media-text__content\">\n<p style=\"font-size:14px\">Sie m\u00f6chten Teil des Teams der SPS-GmbH werden, k\u00f6nnen mit Einsatzfreude, Flexibilit\u00e4t und einem sympathischen Auftreten punkten? Zur Verst\u00e4rkung unseres Teams suchen wir kontinuierlich nach motivierten Kraftfahrern, die Ihren Beruf lieben und denen selbstst\u00e4ndiges Arbeiten kein Fremdwort ist. <\/p>\n\n\n\n<p style=\"font-size:14px\">Die deutsche Sprache in Wort und Schrift sollten Sie sicher beherrschen, au\u00dferdem \u00fcber eine Fahrerlaubnis Klasse C, bestenfalls CE verf\u00fcgen.<\/p>\n<\/div><\/div>\n\n\n\n<p><\/p>\n\n\n\n<p><strong>Mit einer Anstellung in unserem Unternehmen erwarten Sie:<\/strong><\/p>\n\n\n\n<ul><li>ein <strong>sicherer <\/strong>Arbeitsplatz im s\u00fcdlichen Sachsen-Anhalt<\/li><li>ein <strong>faires<\/strong> und <strong>leistungsgerechtes<\/strong> Gehalt \u00fcber dem Branchendurchschnitt<\/li><li>ein <strong>partnerschaftlicher<\/strong> und freundlicher Umgang<\/li><\/ul>\n\n\n\n<p style=\"font-size:14px\">Wir freuen uns auf Ihre Initiativbewerbung. Bitte senden Sie Ihre Bewerbungsunterlagen an Bj\u00f6rn Vanselow,&nbsp;<a href=\"mailto:bewerbung@sps-bitterfeld.de\">bewerbung@sps-bitterfeld.de<\/a><\/p>\n\n\n\n<p><\/p>\n","protected":false},"excerpt":{"rendered":"<p>SPS Fuhr-Taxi und Mietwagenbetrieb GmbH Sie m\u00f6chten Teil des Teams der SPS-GmbH werden, k\u00f6nnen mit Einsatzfreude, Flexibilit\u00e4t und einem sympathischen Auftreten punkten? Zur Verst\u00e4rkung unseres Teams suchen wir kontinuierlich nach motivierten Kraftfahrern, die Ihren Beruf lieben und denen selbstst\u00e4ndiges Arbeiten kein Fremdwort ist. Die deutsche Sprache in Wort und Schrift sollten Sie sicher beherrschen, au\u00dferdem<br \/><a class=\"btn btn-theme post-btn\" href=\"https:\/\/sps-bitterfeld.de\/?page_id=17\">Weiterlesen<\/a><\/p>\n","protected":false},"author":1,"featured_media":100,"parent":0,"menu_order":2,"comment_status":"closed","ping_status":"closed","template":"","meta":[],"_links":{"self":[{"href":"https:\/\/sps-bitterfeld.de\/index.php?rest_route=\/wp\/v2\/pages\/17"}],"collection":[{"href":"https:\/\/sps-bitterfeld.de\/index.php?rest_route=\/wp\/v2\/pages"}],"about":[{"href":"https:\/\/sps-bitterfeld.de\/index.php?rest_route=\/wp\/v2\/types\/page"}],"author":[{"embeddable":true,"href":"https:\/\/sps-bitterfeld.de\/index.php?rest_route=\/wp\/v2\/users\/1"}],"replies":[{"embeddable":true,"href":"https:\/\/sps-bitterfeld.de\/index.php?rest_route=%2Fwp%2Fv2%2Fcomments&post=17"}],"version-history":[{"count":17,"href":"https:\/\/sps-bitterfeld.de\/index.php?rest_route=\/wp\/v2\/pages\/17\/revisions"}],"predecessor-version":[{"id":113,"href":"https:\/\/sps-bitterfeld.de\/index.php?rest_route=\/wp\/v2\/pages\/17\/revisions\/113"}],"wp:featuredmedia":[{"embeddable":true,"href":"https:\/\/sps-bitterfeld.de\/index.php?rest_route=\/wp\/v2\/media\/100"}],"wp:attachment":[{"href":"https:\/\/sps-bitterfeld.de\/index.php?rest_route=%2Fwp%2Fv2%2Fmedia&parent=17"}],"curies":[{"name":"wp","href":"https:\/\/api.w.org\/{rel}","templated":true}]}}